 i is divided by g(8)?
13
Suppose 35 = -w + 39. Calculate the remainder when 15 is divided by w.
3
What is the remainder when 12 is divided by (5/(-5))/(4/(-20))?
2
Suppose 0 = 6*k - 7*k + 46. What is the remainder when 179 is divided by k?
41
Calculate the remainder when (1/(-2))/((-5)/510*3) is divided by 2*2*(-25)/(-20).
2
Let f(a) = -1 - 6*a**3 - 2*a**2 - 2*a**3 + 4*a**2. Suppose -4*b + b - 3 = 0. What is the remainder when f(b) is divided by 5?
4
Suppose -110 = -9*x + 160. Calculate the remainder when x is divided by 10.
0
Let c(v) = v**2 + 6*v - 4. Let g be c(-5). Let d = g + 13. Calculate the remainder when 1/(1*3/18) is divided by d.
2
Let w = -26 + 36. Suppose 78 + 107 = 5*i. What is the remainder when i is divided by w?
7
Let c be 275/(-35) + (-1)/7. Let l = 29 + c. What is the remainder when 40 is divided by l?
19
Suppose 3*r = 3*p - 57, -3*p - 5*r = -p - 17. Calculate the remainder when 77 is divided by p.
13
Let g(p) = 9*p**2 + 2*p - 1. Let u(a) = 5*a**2 - 2*a + 1. Let i be u(1). Suppose -j + i*j - 3 = 0. Calculate the remainder when g(j) is divided by 4.
2
Suppose -701 = 5*q + 2*v, 3*v = -q - 2*q - 417. Let o = -84 - q. Suppose h + 4 = -3*h, 5*d = -3*h + o. Calculate the remainder when 35 is divided by d.
11
Suppose -m - 39 = -352. Calculate the remainder when m is divided by 15.
13
Let l = -4 - -24. Suppose h + 239 = 4*m, -4*m + 0*m - 2*h = -230. Calculate the remainder when m is divided by l.
19
Suppose -2*q - 2*q + 10 = -5*s, 5*q - 8 = 4*s. Let m = s - -4. Calculate the remainder when (-16 - 2)*m/(-2) is divided by 10.
8
Suppose 10*z + 81 - 381 = 0. Calculate the remainder when 89 is divided by z.
29
Let z(a) be the second derivative of a**4/6 - a**3/2 + a**2/2 - 3*a. What is the remainder when 10 is divided by z(2)?
1
Let t(c) = 30*c - 4. Calculate the remainder when t(4) is divided by 30.
26
Let x = 0 - -2. Suppose -w = -7 - 3. What is the remainder when (x/(-2))/((-6)/174) is divided by w?
9
Let n = 94 + -80. Calculate the remainder when 55 is divided by n.
13
Suppose 21 = 5*i - 4*p, p = -4*p + 5. Let k(f) = 4*f + 1. Let c(t) = -9*t - 3. Let l(o) = 2*c(o) + 5*k(o). What is the remainder when 16 is divided by l(i)?
7
Suppose 3*x - 58 = 5*t, 5*x - t + 18 = 78. What is the remainder when 19 is divided by x?
8
Let r be -1 - (1 - -4 - 0). Calculate the remainder when 47 is divided by (r/(-5))/(3/40).
15
Let m(c) = -c**2 + 8*c - 6. Let y be m(7). Suppose -2*i + y + 3 = 0. What is the remainder when 6 is divided by i?
0
Let r be 7*((-30)/14 + 3). Let g = r + -3. Suppose -p = -5*p - 2*a + 30, -4*a + 20 = g*p. What is the remainder when p is divided by 5?
3
Let n(s) = -s**3 - s**2 + s + 2. What is the remainder when 48 is divided by n(-3)?
14
What is the remainder when (-184)/(-7) + 10/(-35) is divided by 2 + (2 - (-20)/2)?
12
Let p = 38 + 54. Let n = 159 - p. What is the remainder when n is divided by 17?
16
Suppose 3*b + d - 229 = 0, b - 98 = -0*b + 4*d. Suppose r = 5*j + 3*r - b, 0 = -5*j - 3*r + 82. Calculate the remainder when j is divided by (4 - 1 - -2)*1.
4
Let u(n) = -n**2 + 8*n + 1. Let a be 6 + (-2 - 0)/1. What is the remainder when u(a) is divided by (-459)/(-34)*(-4)/(-6)?
8
Suppose -f + 650 = 4*f. What is the remainder when f is divided by 44?
42
Suppose -5*c + 152 = -c + 5*q, -149 = -3*c + 5*q. Suppose 9*y = -2*y + 165. What is the remainder when c is divided by y?
13
Suppose -12 = -2*c + s + 26, 5*c + 2*s = 86. What is the remainder when 53 is divided by c?
17
Let a = -451 - -239. Calculate the remainder when 13 is divided by 8/44 - a/44.
3
Let x(t) = t + 3. Suppose 5*s - 4*l = -8 + 24, 17 = 4*s + l. Calculate the remainder when x(s) is divided by 4.
3
Suppose -p + 23 = -z + 6*z, z = -5*p + 115. Suppose 0 = 2*a - 31 - p. What is the remainder when a is divided by 10?
7
Suppose 5*v + 10 = 0, 0*v = -q - 2*v - 5. Let a = q + 3. What is the remainder when (4/18)/((-3)/(-27)) is divided by a?
0
Let b(m) = m**2 + 16*m + 23. Calculate the remainder when 62 is divided by b(-16).
16
Let v be 8*((-9)/3 - -4). Let u = 2 + v. Let o = -31 - -59. What is the remainder when o is divided by u?
8
Suppose -2*u = 2*h - 52, 5*h = -3*u + 138 - 18. Calculate the remainder when h is divided by 11.
10
Let n be 3*5*4/12. Let u(k) = 2*k**2 - 7*k. What is the remainder when u(n) is divided by 4?
3
Suppose 7 = 2*c + 1. Let z(s) = 5*s**3 - 3*s**c + 2*s - 1 + s - 2*s**2 - s**3. What is the remainder when 49 is divided by z(3)?
15
Let m = 134 + -89. Suppose 2*j - 8 = 0, -3*o + 4 = j - 36. Calculate the remainder when m is divided by o.
9
Let v = 11 + 33. Calculate the remainder when v is divided by 87/6 - 2/(-4).
14
Suppose 0 = 2*v - 0 + 2. Let l be (4 - (2 - 2)) + v. Suppose l*s - 10 = -2*s. Calculate the remainder when 6 is divided by s.
0
Suppose 35*o - 40*o = -255. Suppose 3*q = -5*h + q + 65, 4*q = 2*h - 26. Calculate the remainder when o is divided by h.
12
Suppose -2*w = -3 - 7. Suppose 4*z = 5*g + 11, -8*g = -3*g - 5*z + 10. Calculate the remainder when w is divided by (-2)/g*(-21)/(-7).
1
Let r be (3/6)/((-2)/(-280)). Let p be 73/2 + 1/2. Let z = r - p. Calculate the remainder when z is divided by 12.
9
Suppose -15 = 3*n, -4*s - 5*n - 7 = 18. Suppose 0 = -s*x - 4*x + 20. What is the remainder when 18 is divided by x?
3
Suppose 5*u - 120 = -5*y, 48 = 2*y + y - 3*u. Calculate the remainder when 79 is divided by y.
19
What is the remainder when (6 - 3 - 4) + 1*44 is divided by 11?
10
Calculate the remainder when (-8)/28 + (-344)/(-28) is divided by 8.
4
Suppose -105 = -9*r + 4*r. Let a(x) = 69*x - 236. What is the remainder when a(4) is divided by r?
19
Let b be (-3)/5 + 8/(-20). Let u = b + 5. Suppose 35 = 5*j + u*l, 5*j = 4*l - l. Calculate the remainder when 8 is divided by j.
2
Calculate the remainder when 46 is divided by 320/60*(-3)/(-2).
6
Let s be 27/(-18) + 117/(-2). What is the remainder when 19 is divided by s/9*(-9)/6?
9
Let j = 92 + -81. Calculate the remainder when (-2)/(-1*(-6)/(-129)) is divided by j.
10
Let p = 30 + -21. Suppose -2*l + 2 = f + 1, 4*f = 2*l + 14. What is the remainder when p is divided by f?
0
Let g = 4 - -16. Let q(h) = 3*h**2 + 21*h + 4. What is the remainder when q(-9) is divided by g?
18
Suppose -3*u + 56 = -2*h - 3*h, 4*u - 72 = 4*h. Let x = -10 - -4. Let q = x + 15. Calculate the remainder when u is divided by q.
8
Let k(r) = -2*r - 7. Let b be 2 - 9 - 2/(-2). Calculate the remainder when 12 is divided by k(b).
2
Suppose -11 = -3*l + d, 3*l = -l + 5*d + 33. Suppose -4*a - 11 = -t, -t = -l*t - a + 11. Calculate the remainder when 31 is divided by t.
9
Let u = 44 - 38. What is the remainder when u is divided by 2?
0
Suppose -3*u + 5*f = -8*u + 215, 0 = -5*u + 2*f + 243. Suppose -5*b - 5*y - 29 = -6*b, b - 4*y = 28. Calculate the remainder when u is divided by b.
23
Let v = -46 - -79. Suppose -5*y + 0*y = -85. What is the remainder when v is divided by y?
16
Suppose -165 - 119 = -5*n - 3*c, -3*n - c = -168. Let m = -12 + n. What is the remainder when m is divided by (-13)/2*-2 - -2?
13
Suppose 2*b - 2 = 2*g + 8, 4*g - 5 = -b. What is the remainder when 38 is divided by b?
3
Let k(u) = -u - 12. Let c = 2 + -16. Suppose 3*r - 3 = 0, -r - 4*r - 1 = -3*b. What is the remainder when b is divided by k(c)?
0
Suppose 20 = -o + 28. What is the remainder when 63 is divided by o?
7
Let l be 4*-1*(-1 + 0). Suppose -3*c = 2*p - 8*c - 2, -5*p + l*c = -22. Let z = -15 + 25. What is the remainder when z is divided by p?
4
Let i = 53 + -15. Suppose 5*b + 3 = 4*c - i, -34 = -4*c - 2*b. Calculate the remainder when 35 is divided by c.
8
Let g(w) = -10*w**3 + 2*w**2 - 1. Let u be g(-2). Let v = 127 - u. What is the remainder when v is divided by 21?
19
Suppose -3*j - 2*j + 145 = 0. What is the remainder when 114 is divided by j?
27
Let o(w) = -3 + w + 2 - 1 - 2. Let m be o(4). Suppose -5*c - 5*n + 60 = -0*n, -n + 5 = m. Calculate the remainder when 20 is divided by c.
6
Suppose -105 = -4*b + 7. What is the remainder when b is divided by (8/(-6))/(40/(-480))?
12
Let u(a) = a**3 + 6*a**2 + 3*a + 4. Let q be u(-4). Suppose 0 = -4*i + 2*w + 58 - 4, 4*w + q = i. What is the remainder when 22 is divided by i?
10
Suppose 18 = -0*x - x. Let u = x + 27. What is the remainder when 2 + (2 - 4) + 17 is divided by u?
8
Suppose -5*d +